c?
11
Suppose -4*q - 24 = -16*q. Suppose -2*f + 4 = 4*t, 50 = f + q*f - 5*t. Calculate the remainder when 138 is divided by f.
8
Calculate the remainder when (1673/(-21))/(2/(-6)) is divided by (-972)/(-405) - 912/(-20).
47
Let s(h) be the second derivative of -h**4/2 + 23*h**3/2 + 3*h**2 + 6*h - 5. What is the remainder when s(10) is divided by 4/22 + (-546)/(-22)?
21
Suppose -2*n + 6 = n - 2*y, 4*n = y + 13. Suppose -l - n = -2*l. Suppose 4*i - 68 = -l. What is the remainder when 28 is divided by i?
12
Let k(m) = m**2 + 5*m + 10. Let x be k(-4). Suppose -x*u + p + 18 = -u, 12 = u - 3*p. Calculate the remainder when 12 is divided by u.
0
Suppose 445*h - 14007 = 48693 - 9300. Calculate the remainder when h is divided by 80.
40
Let m = -1685 + 1165. Calculate the remainder when (0 + (-339)/(-4))/((-195)/m) is divided by 39.
31
Let p = -1450 - -1490. Suppose a + l + 7 - 6 = 0, -3*a + 3*l = -15. What is the remainder when p is divided by a?
0
Suppose -28 = -8*a + 212. Suppose -a*n + 33 = -87. What is the remainder when n is divided by -2 - -2 - (0 - 1)?
0
Let q(r) = 122*r + 1455. Calculate the remainder when q(-10) is divided by 85.
65
Suppose -22*p = -13243 + 3871. Calculate the remainder when 3847 is divided by p.
13
Let x = 126288 - 126286. Suppose 3*m = -6 + 51. Calculate the remainder when m is divided by x.
1
Let q = 43 - 40. Suppose -247 = -4*m - q*v, -68 = -m - 5*v + 15. Suppose 2*l - 27 = -0*w - 3*w, 4*l + 2*w = m. What is the remainder when 58 is divided by l?
13
Suppose 202*b = 371*b - 200*b + 217. Let m = 1 - -221. What is the remainder when m is divided by b?
5
Let q(y) = 220*y - 214. Calculate the remainder when 1007 is divided by q(1).
5
Let d be (-23)/3 - (-1)/(-3). Let x be 910/49 + d/14. Suppose 4*s - 110 + x = 0. Calculate the remainder when 45 is divided by s.
22
Calculate the remainder when 296 is divided by 35/2*((-16)/2 + (-1496)/(-154)).
26
Suppose -225*b = -230*b - 740. Let u = b + 225. Let z(n) = -n**3 + 6*n**2 + 2*n + 2. What is the remainder when u is divided by z(6)?
7
Suppose 17*p + p - 72 = 306. Calculate the remainder when 3274 is divided by p.
19
Suppose -253*r + 30 = -251*r. What is the remainder when -56 - -113 - (3 - 1) is divided by r?
10
Let q = -95 + 115. Suppose -5*y + 5*s = q, -3*y + s - 4*s + 12 = 0. Suppose y = h - 4 - 10. What is the remainder when 69 is divided by h?
13
Let b = 42 - 11. Suppose -3*k + 92*w = 94*w - 295, -22 = -2*w. Calculate the remainder when k is divided by b.
29
Let f(i) be the first derivative of -5*i**2/2 - 13*i - 3. Let s = -61 - -65. What is the remainder when f(-4) is divided by s?
3
Let q(u) = -u**2 + 46*u + 307. What is the remainder when q(49) is divided by (5 - 20/5)*41?
37
Let u = 365 - 361. What is the remainder when 85 is divided by (1 - u/20)*(-380)/(-8)?
9
Suppose 5*x - 20 = -4*l + 30, 20 = 2*x - 2*l. Let q(v) = 8*v - 54. Let b = 122 + -113. What is the remainder when q(b) is divided by x?
8
Suppose -r - 60 = -6*r. Let y = -364 - -630. Let s = y - 111. Calculate the remainder when s is divided by r.
11
Let k = -119 + 32. Let c = -83 - k. Suppose 0 = -3*q + 2*q - c*r + 33, 4*q - 121 = -5*r. What is the remainder when q is divided by 8?
5
Suppose 247*l - 161504 + 120778 - 267283 = 0. Calculate the remainder when l is divided by 177.
8
Suppose -3 = -3*c + 3. Suppose -3*r = -3*f - 2*r + 71, -4*f + 98 = -c*r. Suppose 0*k + 130 = k. What is the remainder when k is divided by f?
20
Calculate the remainder when 6551 is divided by -1*(8 + (-792)/8).
90
Let m = 2045 + -2017. Calculate the remainder when m is divided by 6 + -2 - 3 - -24.
3
Let g(r) = -13*r - 26 - 66 - 52 - 12*r. What is the remainder when 249 is divided by g(-6)?
3
Let m = -9 + 16. Let v(x) be the first derivative of -x**4/4 + 8*x**3/3 - 3*x**2/2 - 13*x - 28. What is the remainder when 41 is divided by v(m)?
11
Suppose 88 = f - 6*f + 3*r, -f + 5*r = 0. What is the remainder when 35 is divided by 90/f*120/(-27)?
15
Let c(v) = -6*v - 55. Let n = 27 - 37. What is the remainder when 36 is divided by c(n)?
1
Suppose -23*p + 14665 = -4325 - 7184. Calculate the remainder when p is divided by 10.
8
Suppose 3*i - 5*d = -i - 5, -2 = -2*d. Suppose 12*a - 32*a + 960 = i. What is the remainder when a is divided by 25?
23
Let p(o) = o**2 - 18*o + 139. Let a be p(8). Suppose g - z - a = 0, -12*g + 2*z = -9*g - 178. Calculate the remainder when g is divided by 22.
16
Suppose -58*x - 2151 = -63*x + 2*j, 4*x - 3*j = 1732. What is the remainder when x is divided by 148?
131
Suppose -g = 4*h + 18, -19*g + 8 = -2*h - 20*g. Calculate the remainder when 135 is divided by 30 + -2 - (1 + (-1 - h)).
20
Suppose 105 = -3*x - 2*s + 442, 2*x = 4*s + 262. What is the remainder when 1007 is divided by x?
71
Let h = 34324 - 34223. What is the remainder when 197 is divided by h?
96
Suppose 2*o + 16*o - 1368 = 0. Suppose -5*s = x - o, 7*s - 2*s - 3*x = 92. What is the remainder when 72 is divided by s?
8
Suppose 3*c + 3 = -465. Let t = 9 - c. Suppose -3*y = -4*m - 99, -4*m + t = 5*y - 0*m. What is the remainder when y is divided by 12?
9
Let j(m) = 2*m**2 + 4*m + 2. Suppose 26*r = -r + 189. Calculate the remainder when 72 + (-3 - -2 - (r + -5)) is divided by j(-4).
15
Calculate the remainder when 692 is divided by 174/435*(1 + 0 - -254).
80
Suppose 44*a = -62*a - 0*a + 3922. Calculate the remainder when 386 is divided by a.
16
Let p(k) = 25*k**2 - 77*k - 153. What is the remainder when p(7) is divided by 13?
0
Let a = 2355 - 2305. Let c(y) = -y**3 - 9*y**2 + 10*y + 3. What is the remainder when a is divided by c(-10)?
2
Suppose 4*n + 41 = 5*n. Let a = 815 - 809. Calculate the remainder when n is divided by a.
5
Suppose -8*w + 2*w + 6 = 0. Suppose 35 + w = 6*t. Suppose -t*y = -163 - 41. What is the remainder when 133 is divided by y?
31
Let d be (-258)/5 - 6/15. Let a = d + 73. Calculate the remainder when (-4)/(-126) + 226840/6678 is divided by a.
13
Suppose 12*s + 441 = 19*s. Suppose -57*n - 18 = -s*n. What is the remainder when 64 is divided by n?
1
Let i(k) = -k**3 + 39*k**2 - 179*k + 316. Calculate the remainder when 1 - 54*(0 + -1) is divided by i(34).
5
Calculate the remainder when 1113 is divided by ((-2)/2 - 561)*(-71)/142 + -1.
273
Let v(l) be the first derivative of -l**4/4 - 8*l**3/3 - 7*l**2/2 - 5*l - 177. Calculate the remainder when 170 is divided by v(-8).
17
Suppose -d = -s + 212, s + 628 = 4*s - d. Let p = 37 - 35. What is the remainder when s is divided by 42/(-8)*-1*16/p?
40
Let q(w) = -w**3 - 3*w**2 + 9*w - 4. Let h be q(-7). Suppose 14 = r - 3*b, -5*r + h = -b + 31. Calculate the remainder when 199 is divided by r.
19
Let p = 5 - -1. Suppose 0 = -19*c - 117 + 934. Suppose -c = -p*m - 1. Calculate the remainder when 19 is divided by m.
5
Let q(n) be the third derivative of 13*n**5/60 - n**4/8 + 5*n**3/3 - 90*n**2. What is the remainder when q(4) is divided by 13?
11
Let x = 1401 - -146. Calculate the remainder when x is divided by 36.
35
Let q(w) = -3*w**2 + w**3 - 136 + 12*w + 125 - 3*w**2. Let a be q(4). Suppose 125 = -a*m + 405. Calculate the remainder when m is divided by 19.
18
Let r(d) = 2*d**2 - 245*d + 1951. What is the remainder when 145 is divided by r(114)?
2
Let z be ((-18)/54 - 14/12)*-2. Suppose z*h = -u + 74, 4*h - 98 = u + 10. What is the remainder when 48 is divided by h?
22
Let c = 10194 + -10189. Calculate the remainder when 64 is divided by c.
4
Let v(z) = -z**3 + 4*z**2 + 14*z + 7. What is the remainder when v(-7) is divided by 109?
12
Let p(h) = 45*h + 138. Let f(q) = -11*q - 35. Let i(r) = 22*f(r) + 6*p(r). Suppose 4*k = 19 + 5. What is the remainder when k is divided by i(-2)?
0
Suppose -z + 15 = 11. Suppose -f + 5*g + 37 = 0, -4*f = z*g - 49 - 51. Calculate the remainder when f is divided by 3.
0
Let z(j) = 4*j**2 + 16*j + 6. Let g be z(-17). Let f be ((-12)/(-10))/(4/g). Suppose -f = p - 4*p. What is the remainder when p is divided by 15?
14
Suppose -3 = -3*n, -4*n - 19 = 2*y + 37. Let h(c) = 7*c**2 - c - 1. Let j be h(2). Let a = j - y. Calculate the remainder when a is divided by 8.
7
Let j = 954 - 940. Suppose 376 = 3*b + 5*w, 3*w - 64 = -3*b + 308. Let o = 175 - b. What is the remainder when o is divided by j?
11
Calculate the remainder when 649 is divided by 25 + ((-6)/(-5))/((-34)/85).
11
Su